7, 71, 880409
List the prime factors of 8700445.
5, 13, 133853
List the prime factors of 484476211.
457, 1060123
List the prime factors of 10025815.
5, 23, 87181
What are the prime factors of 3116057761?
193, 619, 26083
What are the prime factors of 1377486872?
2, 61, 2822719
What are the prime factors of 1800863875?
5, 673, 21407
List the prime factors of 85847213.
85847213
What are the prime factors of 83231863?
11, 13, 127, 4583
What are the prime factors of 115523350?
2, 5, 241, 9587
What are the prime factors of 3052280529?
3, 113047427
What are the prime factors of 158707071?
3, 17634119
What are the prime factors of 226394144?
2, 113, 137, 457
List the prime factors of 104974542.
2, 3, 71999
What are the prime factors of 5050945?
5, 433, 2333
What are the prime factors of 19461392?
2, 1216337
List the prime factors of 310342830.
2, 3, 5, 7, 1477823
List the prime factors of 490886868.
2, 3, 131, 312269
List the prime factors of 82291515.
3, 5, 31, 37, 4783
What are the prime factors of 252908521?
347, 728843
What are the prime factors of 2595696341?
7, 370813763
List the prime factors of 167491623.
3, 13, 4294657
List the prime factors of 619056155.
5, 23, 461, 11677
What are the prime factors of 992604312?
2, 3, 7, 1969453
What are the prime factors of 96988841?
61, 1589981
What are the prime factors of 1331665479?
3, 147962831
List the prime factors of 248530650.
2, 3, 5, 17, 97463
List the prime factors of 588041889.
3, 2687, 72949
What are the prime factors of 40998589?
5081, 8069
What are the prime factors of 221833121?
221833121
List the prime factors of 134711105.
5, 193, 139597
List the prime factors of 498354491.
3209, 155299
What are the prime factors of 28938360?
2, 3, 5, 11, 1993
What are the prime factors of 161978303?
2659, 60917
What are the prime factors of 44366255?
5, 8873251
List the prime factors of 4208779748.
2, 37, 71, 293, 1367
List the prime factors of 204993038.
2, 17, 47, 163, 787
What are the prime factors of 64282763?
17, 29, 101, 1291
List the prime factors of 9093854.
2, 7, 11, 59051
List the prime factors of 43765994.
2, 21882997
List the prime factors of 79666898.
2, 251, 158699
List the prime factors of 861372618.
2, 3, 307, 467629
What are the prime factors of 311598393?
3, 9343, 11117
List the prime factors of 6699858.
2, 3, 11, 101513
What are the prime factors of 2749800930?
2, 3, 5, 811, 113021
What are the prime factors of 1802506525?
5, 72100261
What are the prime factors of 266854907?
11, 1373, 17669
What are the prime factors of 191819196?
2, 3, 31, 171881
What are the prime factors of 462790165?
5, 31, 41, 72823
List the prime factors of 424029415.
5, 53, 149, 10739
List the prime factors of 240037078.
2, 2347, 51137
List the prime factors of 14405530.
2, 5, 1440553
What are the prime factors of 951347296?
2, 29729603
What are the prime factors of 653379922?
2, 13, 4447, 5651
List the prime factors of 16899156.
2, 3, 17, 53, 521
What are the prime factors of 12976848?
2, 3, 17, 19, 31
What are the prime factors of 145827507?
3, 7, 1549, 4483
List the prime factors of 131476052.
2, 491, 66943
List the prime factors of 1500620946.
2, 3, 11, 2066971
What are the prime factors of 43996851?
3, 331, 547
What are the prime factors of 7299011?
7299011
List the prime factors of 5255905011.
3, 7, 17, 3557, 4139
List the prime factors of 1341045511.
13, 223, 462589
What are the prime factors of 45246150?
2, 3, 5, 100547
List the prime factors of 165357045.
3, 5, 7, 17, 47, 73
What are the prime factors of 24638278?
2, 7, 71, 3541
List the prime factors of 118639932.
2, 3, 103, 95987
What are the prime factors of 51396617?
51396617
List the prime factors of 161405057.
11, 19, 772273
What are the prime factors of 1437292295?
5, 287458459
What are the prime factors of 4880970?
2, 3, 5, 193, 281
List the prime factors of 19448537.
19448537
What are the prime factors of 1541877818?
2, 13, 23, 2578391
List the prime factors of 250003523.
7, 11, 3246799
What are the prime factors of 3792981182?
2, 7937, 238943
What are the prime factors of 440334245?
5, 13, 101, 67073
What are the prime factors of 351801670?
2, 5, 11, 3198197
List the prime factors of 145242977.
11, 107, 123401
List the prime factors of 354466883.
383, 925501
What are the prime factors of 288314877?
3, 89, 1079831
List the prime factors of 284607256.
2, 37, 961511
List the prime factors of 687090609.
3, 349, 218749
What are the prime factors of 762190949?
13, 821, 71413
List the prime factors of 45648279.
3, 19, 9887
List the prime factors of 1035455325.
3, 5, 13806071
List the prime factors of 238985859.
3, 7, 283, 40213
List the prime factors of 185713314.
2, 3, 73, 424003
List the prime factors of 135943042.
2, 79, 860399
What are the prime factors of 138752675?
5, 23, 29, 53, 157
What are the prime factors of 104136872?
2, 7, 19, 97, 1009
List the prime factors of 161333984.
2, 7, 720241
List the prime factors of 59091066.
2, 3, 61, 17939
What are the prime factors of 1377748594?
2, 1607, 428671
List the prime factors of 2885420.
2, 5, 144271
What are the prime factors of 1507379319?
3, 43, 3895037
List the prime factors of 60576322.
2, 461, 65701
List the prime factors of 49232769.
3, 167, 98269
List the prime factors of 1739169703.
1739169703
What are the prime factors of 186736193?
7, 4397, 6067
What are the prime factors of 686140774?
2, 11, 17, 1834601
List the prime factors of 246810984.
2, 3, 7, 113, 13001
What are the prime factors of 43818845?
5, 7, 19, 131, 503
What are the prime factors of 522104643?
3, 53, 364853
What are the prime factors of 134422544?
2, 8401409
List the prime factors of 267950683.
7, 11, 13, 59, 349
What are the prime factors of 192351289?
13, 14796253
What are the prime factors of 465443778?
2, 3, 23, 3372781
What are the prime factors of 508129763?
508129763
List the prime factors of 1547460141.
3, 3137, 164431
What are the prime factors of 1158961155?
3, 5, 11, 43, 379, 431
List the prime factors of 47040046.
2, 137, 171679
List the prime factors of 37021050.
2, 3, 5, 11, 277
What are the prime factors of 71712509?
11, 257, 25367
What are the prime factors of 2531013511?
13, 487, 399781
What are the prime factors of 271730161?
191, 1422671
What are the prime factors of 1851823053?
3, 7620671
List the prime factors of 142420256.
2, 11, 271, 1493
List the prime factors of 281466009.
3, 11, 315899
List the prime factors of 85575740.
2, 5, 281, 15227
List the prime factors of 1895416457.
11, 73, 2360419
List the prime factors of 3714948026.
2, 17789, 104417
List the prime factors of 709191.
3, 7, 11257
List the prime factors of 56011320.
2, 3, 5, 157, 991
What are the prime factors of 58067440?
2, 5, 239, 3037
What are the prime factors of 3069550596?
2, 3, 7, 67, 499, 1093
List the prime factors of 1437623690.
2, 5, 67, 2145707
List the prime factors of 2025077281.
17, 163, 730811
What are the prime factors of 197391520?
2, 5, 23, 53639
What are the prime factors of 1993982365?
5, 398796473
List the prime factors of 112055412.
2, 3, 7, 1333993
List the prime factors of 2419316788.
2, 7, 257, 48029
List the prime factors of 2377180.
2, 5, 13, 41, 223
What are the prime factors of 111027746?
2, 6367, 8719
What are the prime factors of 25518669?
3, 11, 131, 5903
List the prime factors of 101327923.
101327923
List the prime factors of 1298172527.
1298172527
What are the prime factors of 118806475?
5, 29, 163871
List the prime factors of 63382184.
2, 37, 214129
List the prime factors of 3151080248.
2, 43, 167, 54851
What are the prime factors of 91534500?
2, 3, 5, 20341
What are the prime factors of 42627835?
5, 43, 331, 599
What are the prime factors of 891320237?
13109, 67993
List the prime factors of 537124486.
2, 17, 29, 37, 14723
What are the prime factors of 228660670?
2, 5, 7, 43, 75967
List the prime factors of 404922793.
11, 36811163
What are the prime factors of 366663518?
2, 13, 383, 36821
What are the prime factors of 203307226?
2, 29, 3505297
List the prime factors of 95697412.
2, 2411, 9923
What are the prime factors of 711688349?
711688349
List the prime factors of 531908286.
2, 3, 7, 13, 71, 13721
What are the prime factors of 5786079281?
103, 829, 67763
List the prime factors of 333633465.
3,